. Calculate the highest common factor of 24 and n.
24
Suppose -r + 2*r - 12 = 0. Let n = -2217 - -2220. Calculate the greatest common divisor of n and r.
3
Suppose 5450*h + 8 = 5446*h - 4*p, -5*h + 32 = -2*p. Let w be (28/5)/(2/40). Calculate the greatest common divisor of w and h.
4
Suppose -6*o + 9*o = 117. Let g = -179 + 182. Let v be g/((-162)/(-26) - 6). Calculate the greatest common divisor of o and v.
13
Let d be ((2/(-3))/(-2))/(((-651)/1071)/(-31)). What is the highest common divisor of 493 and d?
17
Suppose -4*r - 5*t + 4921 = 201, -4656 = -4*r + 3*t. What is the greatest common factor of r and 1482?
78
Let o(q) = q**2 - 4*q - 237. Let z be o(-14). What is the highest common factor of 33 and z?
3
Let u be 462/4 - 41/82. What is the highest common factor of 598 and u?
23
Let f(q) = q**2 - q + 4. Let z be f(-3). Let o be (-8 + z)/(-2 + 4). Suppose 4*c + 4*g + 0 = 4, -4*c + 14 = 2*g. What is the highest common divisor of c and o?
2
Let l = -11121 - -11123. Calculate the greatest common factor of l and 443.
1
Suppose 0 = -3*d - 12, 8926 = -8*v + 10*v - 4*d. Calculate the greatest common divisor of v and 15.
15
Suppose 2*x + 2 + 18 = -5*z, 5*z = 3*x - 20. Let n be (-2 - -33*4)*(x - 1). Let g be n/(-5) - 2*1/(-2). What is the greatest common divisor of g and 135?
27
Suppose -3*a + 2840 = -4*z, 3*z - 2606 - 262 = -3*a. What is the highest common factor of a and 280?
56
Let b = -6 - -8. Let k be (b - 3 - -2)/((-2)/4). Let t be (-7)/(-2) - 1/k. What is the greatest common factor of 2 and t?
2
Suppose 0*p - 6*p = 14*p. Suppose p = 4*y + 44 - 116. Calculate the highest common divisor of y and 78.
6
Let y = -3294 - -2310. Let u = -810 - y. Calculate the highest common divisor of 29 and u.
29
Let q = 81 - 63. Let y(i) = 3*i**3 - 52*i**2 - 35*i + 4. Let r be y(q). What is the greatest common factor of r and 242?
22
Let f = 4201 - 4198. Calculate the highest common divisor of f and 849.
3
Suppose -144 - 31 = -5*c + 65. Calculate the highest common factor of 1500 and c.
12
Suppose -78*d + 17658 = -137*d + 68*d. Calculate the greatest common divisor of d and 18.
18
Suppose -1 = -9*q + 10*q. Let h = 96 + q. Let g = -61 + h. What is the highest common factor of 17 and g?
17
Let f be ((-80)/55)/8 - (-136)/22. Suppose f*t - 11*t + x = -16, -3*x + 12 = 0. Calculate the greatest common factor of t and 36.
4
Suppose i - 5*h = 838, 3466 = 4*i - h + 228. What is the highest common factor of 4141 and i?
101
Suppose 11*x + 4 = 13*x. Suppose 0 = 9*n + x*n - 143. Suppose -n*k + 56 - 17 = 0. What is the highest common factor of k and 24?
3
Let p be 2/(-13) - (-6 + (-184)/13). Suppose -519 = -3*o + 51. Suppose -4*v = -p, -w + o = -4*v + 3*v. Calculate the greatest common factor of 15 and w.
15
Let x = 52 + -28. Let m = x - 33. Let j = 35 + m. What is the greatest common factor of 39 and j?
13
Let q be (-564)/(-14) + (600/56 - 11). What is the greatest common factor of q and 296?
8
Let h = -444 + -331. Let y be -1 - 12/(-10) - 14570/h. Let z = 40 + -21. What is the greatest common divisor of z and y?
19
Suppose -5*l = -3*k + 304, 8*l - 101 = -k + 10*l. Suppose 0 = -4*u + 213 + k. Calculate the greatest common divisor of u and 1264.
79
Suppose 0 = -5*t + 2*h + 378, -18 = -t - h + 52. Let w = t - 64. Calculate the highest common factor of 30 and w.
10
Let i(w) = 52*w + 533. Let o be i(-9). What is the highest common divisor of o and 3965?
65
Suppose 4*x + 4*b = 3*b + 67, -4*b = -2*x + 56. Suppose -59 - x = -7*d. Suppose -d*r = -10*r - 14. Calculate the greatest common factor of 35 and r.
7
Let a be ((-11)/(-44))/(((-2)/(-18))/(48/36)). Calculate the greatest common divisor of a and 177.
3
Let q = 2343 - 2323. What is the greatest common divisor of 835 and q?
5
Suppose -32*u = -935 + 231. Calculate the greatest common factor of 102 and u.
2
Let i = 24 + 1. Let n(j) = 5*j**2 - 52*j + 21. Let b be n(10). What is the highest common factor of b and i?
1
Suppose 4*x = 7 + 73. Let p be 4/(-18) + 440/198. Suppose p*t = 13*t - 1980. Calculate the highest common factor of x and t.
20
Suppose -o - 6 = 0, -131*m - o + 562 = -129*m. What is the highest common factor of 2343 and m?
71
Let r(x) = -x. Let k be r(-5). Suppose -2*g + 3*g = -5, -k*b + 5*g - 115 = 0. Let h be 8/(-6)*42/b. Calculate the highest common divisor of h and 3.
1
Let k = -9541 - -10901. What is the greatest common factor of k and 765?
85
Let v be (81/(-21))/((30 - 15)/(-105)). What is the greatest common factor of 1152 and v?
9
Let w be -4 + 4 + 0/3 + 15. Let u be (-16)/(-14) + -1 - (-24544)/182. What is the highest common factor of u and w?
15
Suppose -5*v + 579 = -5*l + 64, -5*v - 227 = 2*l. Let m = -51 - l. Calculate the greatest common divisor of 22 and m.
11
Suppose 819 = b + 4*v - 755, -3197 = -2*b - v. What is the highest common divisor of 126 and b?
18
Suppose t - 114 = -5*q + q, 3*q + 455 = 5*t. Suppose -t*w = -91*w - 315. What is the highest common divisor of w and 245?
35
Let b = 16 + -7. Suppose p + 332 = 2*p. Suppose -s - 199 = -2*u, -3*s - 38 = 3*u - p. Calculate the greatest common divisor of b and u.
9
Suppose -12*u - 190 = 7*u. Let f be ((-605)/22 + 5)*4/u. What is the highest common factor of 63 and f?
9
Suppose -99 = 65*u - 2574 - 840. Calculate the greatest common factor of u and 15.
3
Let w(m) = 55*m + 370. Let t be w(-5). What is the highest common factor of t and 4085?
95
Let a(n) = 20*n - 55. Let q be a(-3). Let s = 182 - q. Calculate the greatest common factor of s and 27.
27
Let o be (15/(-5))/((-1)/38*3). Suppose 1777*f + 2888 = 1781*f. What is the greatest common divisor of o and f?
38
Let o be ((6/(-25))/(17/21760))/(156/(-33280)). What is the highest common factor of 256 and o?
256
Let z = 170 + -151. Suppose -z*b = -13*b - 600. What is the greatest common divisor of 50 and b?
50
Let h = -3209 - -3341. What is the highest common factor of 1023 and h?
33
Suppose 7*n + 1586 = -19*n. Let y = 132 + -249. Let m = n - y. What is the greatest common factor of 140 and m?
28
Let d = 8399 + -5899. Calculate the highest common factor of 300 and d.
100
Let h(m) = 1413*m**2 - 31*m - 1. Let v be h(2). Calculate the highest common divisor of 138 and v.
69
Suppose 0 = 4*d + 3*m - 516, 0 = d + 5*m - 489 + 377. What is the greatest common factor of d and 1368?
12
Let w be (-3)/((-6)/14) - 2. Suppose -34 = -28*f + 22. Suppose w = -f*s + 89. Calculate the highest common divisor of 105 and s.
21
Suppose 828 = 220*q - 202*q. What is the highest common divisor of 24058 and q?
46
Suppose -42*x = -12*x - 210. Suppose 0 = 2*m + u - 69, 3*m = x*m - 4*u - 156. Let p = 16 + 8. What is the highest common factor of m and p?
12
Suppose -8910*p = -8919*p + 1647. What is the greatest common factor of p and 1769?
61
Let g be 21 + ((-1410)/(-10))/3. What is the greatest common divisor of g and 2?
2
Let i = 3274 + -1754. What is the highest common divisor of i and 80?
80
Suppose -26*t + 25*t = -95. Suppose g = j - 40, 37 = 3*j - 4*g - 85. What is the greatest common divisor of t and j?
19
Let c(d) = 27*d**2 + 1. Let q be c(-1). Suppose -9*l = 9 - 9. Suppose 2*g - 5*p + 0*p - 14 = l, 3*p = g - 7. What is the highest common divisor of g and q?
7
Suppose -2*w + 12*w - 60 = 0. Suppose -49 = w*z - 181. What is the greatest common divisor of 11 and z?
11
Let b(p) = -17*p + 37. Let f be b(1). Let k be 1/(1/(-23) - 0)*-20. Calculate the greatest common divisor of k and f.
20
Suppose 3*q + 2*i - 98 = 0, -8*q - 4*i = -3*q - 162. Suppose -79*c - 436*c = -112*c - 1783 - 5068. Calculate the greatest common factor of c and q.
17
Let x be 60/(4 + (-57)/12). Let v = 148 + x. Suppose -2*m + 158 = n, -m + v = -0*m - 5*n. Calculate the highest common factor of m and 26.
26
Let k(b) = -27*b + 806. Let n be k(20). What is the greatest common divisor of n and 1254?
38
Suppose 423*c - 9 = 422*c. Calculate the highest common factor of c and 171.
9
Let y(k) = k**3 - 3*k**2 - 5*k - 6. Let f = 73 + -61. Suppose -j + 18 = f. Let p be y(j). Calculate the greatest common divisor of 8 and p.
8
Let g = 157 + -153. Suppose -b - 19 + 29 = -5*m, 2*b + g*m - 6 = 0. What is the greatest common divisor of b and 6?
1
Let c = -17682 - -24032. Calculate the greatest common factor of c and 325.
25
Let a(f) = 430*f - 1140. Let w be a(3). What is the greate